{"id":85,"date":"2017-08-22T11:00:09","date_gmt":"2017-08-22T09:00:09","guid":{"rendered":"http:\/\/www.ecolelacroisette.be\/?page_id=85"},"modified":"2019-05-23T01:11:33","modified_gmt":"2019-05-22T23:11:33","slug":"accueil","status":"publish","type":"page","link":"https:\/\/www.ecolelacroisette.be\/index.php\/accueil\/","title":{"rendered":"Le Petit Mot du Directeur"},"content":{"rendered":"\n<p>\nChers visiteurs, bonjour&nbsp;!\n<\/p>\n\n\n\n<p> Je vous souhaite la bienvenue sur le site de l\u2019\u00e9cole fondamentale de la Croisette de Sor\u00e9e. L\u2019extrait qui suit est tir\u00e9 du livre de Nicole MALENFANT, <em>Le petit enfant au quotidien<\/em> (Edition de Boeck). Il refl\u00e8te \u00e0 merveille ce que mon \u00e9quipe et moi-m\u00eame, nous d\u00e9sirons garder quotidiennement \u00e0 l\u2019esprit pour le d\u00e9veloppement respectueux de l\u2019enfant. <\/p>\n\n\n\n<p><strong><em>Vivre son enfance en toute confiance est le tout premier besoin de l\u2019enfant.<\/em><\/strong><em> Il a besoin d\u2019\u00eatre s\u00e9curis\u00e9, cajol\u00e9, stimul\u00e9, encourag\u00e9, guid\u00e9. Peu importe son origine, l\u2019enfant devrait avoir le droit de rire, de pleurer, de se sentir vuln\u00e9rable, de s\u2019\u00e9merveiller, de s\u2019attacher, de bouger, d\u2019explorer, de vivre des frustrations, de s\u2019affirmer, de chanter, d\u2019aimer la vie et de compter sur des personnes capables de d\u00e9fendre son besoin de grandir en paix. L\u2019enfant n\u2019est ni un petit adulte ni un \u00eatre totalement d\u00e9muni. C\u2019est un \u00eatre entier dot\u00e9 d\u2019un potentiel inou\u00ef qui ne demande qu\u2019\u00e0 se concr\u00e9tiser.<\/em><\/p>\n\n\n\n<p><em>Par ailleurs, les trois phrases suivantes, provenant des M\u00e9moires de Madame Julie BILLART (fondatrice d\u2019une s\u00e9rie d\u2019\u00e9tablissements scolaires namurois), me permettent \u00e9galement de faire transpara\u00eetre la pens\u00e9e que nous d\u00e9sirons voir vivre dans notre \u00e9tablissement :<\/em><\/p>\n\n\n\n<p>\n\u00ab L&rsquo;\u00e9ducation se fait par la fermet\u00e9 mais pas par la duret\u00e9. Faites preuve de douceur, de bont\u00e9 et de patience. L&rsquo;\u00e9ducation passe par l&rsquo;apprentissage de l&rsquo;ordre, d&rsquo;une r\u00e8gle \u00e0 respecter. \u00bb\n<\/p>\n\n\n\n<p>\n\u00ab L&rsquo;\u00e9ducation doit \u00eatre faite par des ma\u00eetres d&rsquo;humeur agr\u00e9able et soucieux d&rsquo;\u00eatre un exemple si elle veut \u00eatre r\u00e9ussie et porter des fruits. \u00bb\n<\/p>\n\n\n\n<p>\n\u00ab Je vous demande de vous entraider, de vous traiter mutuellement avec respect. \u00bb\n<\/p>\n\n\n\n<p>\nCe discours datant du d\u00e9but du 19\u00e8 si\u00e8cle (\u2026) se doit bien entendu d\u2019\u00eatre mis au go\u00fbt du jour mais il refl\u00e8te parfaitement la philosophie de notre petite \u00e9cole du village\u2026\n<\/p>\n\n\n\n<p>\nBonne visite de notre site&nbsp;!\n<\/p>\n\n\n\n<p style=\"text-align:right\"><em><strong>VANDERSMISSEN Vincent, Directeur<\/strong><\/em><\/p>\n\n\n\n<p>    <\/p>\n\n\n\n<h2><\/h2>\n\n\n\n<div style=\"height:100px\" aria-hidden=\"true\" class=\"wp-block-spacer\"><\/div>\n\n\n\n<p><\/p>\n\n\n\n<figure class=\"wp-block-image\"><img loading=\"lazy\" width=\"1024\" height=\"683\" src=\"http:\/\/www.ecolelacroisette.be\/wp-content\/uploads\/2019\/05\/ecole_la_croisette_mai_2019-1024x683.jpg\" alt=\"\" class=\"wp-image-869\" srcset=\"https:\/\/www.ecolelacroisette.be\/wp-content\/uploads\/2019\/05\/ecole_la_croisette_mai_2019.jpg 1024w, https:\/\/www.ecolelacroisette.be\/wp-content\/uploads\/2019\/05\/ecole_la_croisette_mai_2019-300x200.jpg 300w, https:\/\/www.ecolelacroisette.be\/wp-content\/uploads\/2019\/05\/ecole_la_croisette_mai_2019-768x512.jpg 768w\" sizes=\"(max-width: 1024px) 100vw, 1024px\" \/><\/figure>\n","protected":false},"excerpt":{"rendered":"<p>Chers visiteurs, bonjour&nbsp;! Je vous souhaite la bienvenue sur le site de l\u2019\u00e9cole fondamentale de la Croisette de Sor\u00e9e. L\u2019extrait qui suit est tir\u00e9 du livre de Nicole MALENFANT, Le petit enfant au quotidien (Edition de Boeck). Il refl\u00e8te \u00e0 merveille ce que mon \u00e9quipe et moi-m\u00eame, nous d\u00e9sirons garder quotidiennement \u00e0 l\u2019esprit pour le&hellip;<\/p>\n","protected":false},"author":2,"featured_media":0,"parent":0,"menu_order":0,"comment_status":"closed","ping_status":"closed","template":"","meta":[],"_links":{"self":[{"href":"https:\/\/www.ecolelacroisette.be\/index.php\/wp-json\/wp\/v2\/pages\/85"}],"collection":[{"href":"https:\/\/www.ecolelacroisette.be\/index.php\/wp-json\/wp\/v2\/pages"}],"about":[{"href":"https:\/\/www.ecolelacroisette.be\/index.php\/wp-json\/wp\/v2\/types\/page"}],"author":[{"embeddable":true,"href":"https:\/\/www.ecolelacroisette.be\/index.php\/wp-json\/wp\/v2\/users\/2"}],"replies":[{"embeddable":true,"href":"https:\/\/www.ecolelacroisette.be\/index.php\/wp-json\/wp\/v2\/comments?post=85"}],"version-history":[{"count":16,"href":"https:\/\/www.ecolelacroisette.be\/index.php\/wp-json\/wp\/v2\/pages\/85\/revisions"}],"predecessor-version":[{"id":873,"href":"https:\/\/www.ecolelacroisette.be\/index.php\/wp-json\/wp\/v2\/pages\/85\/revisions\/873"}],"wp:attachment":[{"href":"https:\/\/www.ecolelacroisette.be\/index.php\/wp-json\/wp\/v2\/media?parent=85"}],"curies":[{"name":"wp","href":"https:\/\/api.w.org\/{rel}","templated":true}]}}