{"id":54,"date":"2017-08-22T10:15:54","date_gmt":"2017-08-22T08:15:54","guid":{"rendered":"http:\/\/ecolelacroisette.be\/?page_id=54"},"modified":"2022-07-12T13:30:08","modified_gmt":"2022-07-12T11:30:08","slug":"horaire","status":"publish","type":"page","link":"https:\/\/www.ecolelacroisette.be\/index.php\/infos-pratiques\/horaire\/","title":{"rendered":"Horaire"},"content":{"rendered":"\n<ul><li>Il y a lieu de dissocier le temps scolaire (g\u00e9r\u00e9 par l&rsquo;\u00e9cole) et <br>le temps extrascolaire (g\u00e9r\u00e9 par l&rsquo;ASBL Gesves-Extra).<\/li><li>L\u2019\u00e9cole ouvre ses portes \u00e0<strong>\u00a07h00<\/strong>\u00a0tandis que la fermeture est programm\u00e9e \u00e0\u00a0<strong>18h00<\/strong> (12h25 le mercredi).<\/li><li>L&rsquo;accueil matinal se tient de 7h00 \u00e0 8h30.<\/li><li>Horaire d&rsquo;une journ\u00e9e d&rsquo;\u00e9cole : <br>A) section maternelle <br>activit\u00e9s du matin : 8h30 \u00e0 11h30 (12h10 le mercredi)<br>pause de midi : 11h30 \u00e0 12h40<br>activit\u00e9s de l&rsquo;apr\u00e8s-midi : 12h40 \u00e0 15h20<br>B) section primaire<br>activit\u00e9s du matin : 8h30 \u00e0 12h10<br>pause de midi : 12h10 \u00e0 13h20<br>activit\u00e9s de l&rsquo;apr\u00e8s-midi : 13h20 \u00e0 15h20<\/li><li>L&rsquo;accueil de fin de journ\u00e9e est organis\u00e9 de <strong>15h35 \u00e0 18h00<\/strong> (ateliers extrascolaires propos\u00e9s de 15h35 \u00e0 16h35 et \u00ab\u00a0routines du soir\u00a0\u00bb propos\u00e9es de 15h40 \u00e0 16h40).<\/li><li>Le mercredi, l&rsquo;\u00e9cole ferme ses portes \u00e0 <strong>12h25.<\/strong> <br>Un accueil centralis\u00e9 est propos\u00e9 par \u00ab\u00a0Gesves Extra\u00a0\u00bb (transport des enfants pr\u00e9vu d\u00e8s 12h25 vers la Pichelotte (11a, rue de Pichelotte, Gesves) au d\u00e9part de l&rsquo;\u00e9cole. <br>A noter que les \u00e9l\u00e8ves pr\u00e9sents sur le site de l&rsquo;\u00e9cole le mercredi \u00e0 12h25 seront pris en charge par les animateurs de Gesves-Extra (dispositions l\u00e9gales li\u00e9es au d\u00e9cret ATL (accueil temps libres)).<\/li><\/ul>\n\n\n\n<p>ASBL Gesves-Extra : <br>083\/670.203\u00a0<br>info@gesvesextra.be <br>http:\/\/loryhan.be\/Gesves-extra\/<\/p>\n\n\n\n<p><\/p>\n","protected":false},"excerpt":{"rendered":"<p>Il y a lieu de dissocier le temps scolaire (g\u00e9r\u00e9 par l&rsquo;\u00e9cole) et le temps extrascolaire (g\u00e9r\u00e9 par l&rsquo;ASBL Gesves-Extra). L\u2019\u00e9cole ouvre ses portes \u00e0\u00a07h00\u00a0tandis que la fermeture est programm\u00e9e \u00e0\u00a018h00 (12h25 le mercredi). L&rsquo;accueil matinal se tient de 7h00 \u00e0 8h30. Horaire d&rsquo;une journ\u00e9e d&rsquo;\u00e9cole : A) section maternelle activit\u00e9s du matin : 8h30&hellip;<\/p>\n","protected":false},"author":2,"featured_media":0,"parent":52,"menu_order":0,"comment_status":"closed","ping_status":"closed","template":"","meta":[],"_links":{"self":[{"href":"https:\/\/www.ecolelacroisette.be\/index.php\/wp-json\/wp\/v2\/pages\/54"}],"collection":[{"href":"https:\/\/www.ecolelacroisette.be\/index.php\/wp-json\/wp\/v2\/pages"}],"about":[{"href":"https:\/\/www.ecolelacroisette.be\/index.php\/wp-json\/wp\/v2\/types\/page"}],"author":[{"embeddable":true,"href":"https:\/\/www.ecolelacroisette.be\/index.php\/wp-json\/wp\/v2\/users\/2"}],"replies":[{"embeddable":true,"href":"https:\/\/www.ecolelacroisette.be\/index.php\/wp-json\/wp\/v2\/comments?post=54"}],"version-history":[{"count":4,"href":"https:\/\/www.ecolelacroisette.be\/index.php\/wp-json\/wp\/v2\/pages\/54\/revisions"}],"predecessor-version":[{"id":182064,"href":"https:\/\/www.ecolelacroisette.be\/index.php\/wp-json\/wp\/v2\/pages\/54\/revisions\/182064"}],"up":[{"embeddable":true,"href":"https:\/\/www.ecolelacroisette.be\/index.php\/wp-json\/wp\/v2\/pages\/52"}],"wp:attachment":[{"href":"https:\/\/www.ecolelacroisette.be\/index.php\/wp-json\/wp\/v2\/media?parent=54"}],"curies":[{"name":"wp","href":"https:\/\/api.w.org\/{rel}","templated":true}]}}

<ul><li>Il y a lieu de dissocier le temps scolaire (géré par l&rsquo;école) et <br>le temps extrascolaire (géré par l&rsquo;ASBL Gesves-Extra).</li><li>L’école ouvre ses portes à<strong> 7h00</strong> tandis que la fermeture est programmée à <strong>18h00</strong> (12h25 le mercredi).</li><li>L&rsquo;accueil matinal se tient de 7h00 à 8h30.</li><li>Horaire d&rsquo;une journée d&rsquo;école : <br>A) section maternelle <br>activités du matin : 8h30 à 11h30 (12h10 le mercredi)<br>pause de midi : 11h30 à 12h40<br>activités de l&rsquo;après-midi : 12h40 à 15h20<br>B) section primaire<br>activités du matin : 8h30 à 12h10<br>pause de midi : 12h10 à 13h20<br>activités de l&rsquo;après-midi : 13h20 à 15h20</li><li>L&rsquo;accueil de fin de journée est organisé de <strong>15h35 à 18h00</strong> (ateliers extrascolaires proposés de 15h35 à 16h35 et « routines du soir » proposées de 15h40 à 16h40).</li><li>Le mercredi, l&rsquo;école ferme ses portes à <strong>12h25.</strong> <br>Un accueil centralisé est proposé par « Gesves Extra » (transport des enfants prévu dès 12h25 vers la Pichelotte (11a, rue de Pichelotte, Gesves) au départ de l&rsquo;école. <br>A noter que les élèves présents sur le site de l&rsquo;école le mercredi à 12h25 seront pris en charge par les animateurs de Gesves-Extra (dispositions légales liées au décret ATL (accueil temps libres)).</li></ul>



<p>ASBL Gesves-Extra : <br>083/670.203 <br>info@gesvesextra.be <br>http://loryhan.be/Gesves-extra/</p>



<p></p>

<p>Il y a lieu de dissocier le temps scolaire (géré par l&rsquo;école) et le temps extrascolaire (géré par l&rsquo;ASBL Gesves-Extra). L’école ouvre ses portes à 7h00 tandis que la fermeture est programmée à 18h00 (12h25 le mercredi). L&rsquo;accueil matinal se tient de 7h00 à 8h30. Horaire d&rsquo;une journée d&rsquo;école : A) section maternelle activités du matin : 8h30&hellip;</p>
